{"id":4980,"date":"2024-08-15T13:13:47","date_gmt":"2024-08-15T17:13:47","guid":{"rendered":"https:\/\/u15.ca\/?post_type=what-we-are-saying&#038;p=4980"},"modified":"2024-08-26T15:00:53","modified_gmt":"2024-08-26T19:00:53","slug":"opinion-ce-que-signifie-pour-moi-etre-a-lecoute-des-etudiants-de-mcgill","status":"publish","type":"what-we-are-saying","link":"https:\/\/u15.ca\/fr\/publications\/ce-que-nous-disons\/opinion-ce-que-signifie-pour-moi-etre-a-lecoute-des-etudiants-de-mcgill\/","title":{"rendered":"Opinion: Ce que signifie pour moi \u00eatre \u00e0 l\u2019\u00e9coute des \u00e9tudiants de McGill"},"content":{"rendered":"<p>Contribu\u00e9 \u00e0 La Presse de Montr\u00e9al par Deep Saini (publi\u00e9 le 8 ao\u00fbt 2024)<\/p>\n<p>Deep Saini est recteur et vice-chancelier de l&rsquo;Universit\u00e9 McGill<\/p>\n<p>Pendant la collation des grades, un cri provenant du fond de la salle vient interrompre mon allocution\u00a0: \u00ab\u00a0Tu devrais avoir honte, Saini\u00a0! \u00c9coute tes \u00e9tudiants\u00a0!\u00a0\u00bb<\/p>\n<p>Depuis le 7 octobre 2023, des cris semblables retentissent un peu partout sur les campus du pays, et de plus en plus fort depuis l\u2019apparition des campements. On esp\u00e8re ainsi contraindre les universit\u00e9s \u00e0 prendre parti, par leurs d\u00e9cisions et leurs actions, dans un conflit g\u00e9opolitique qui se d\u00e9roule \u00e0 l\u2019autre bout du monde. Or, pareille prise de position d\u00e9borderait largement le cadre de leur mission&#8230;..<\/p>\n<p><a href=\"https:\/\/www.lapresse.ca\/dialogue\/opinions\/2024-08-08\/ce-que-signifie-pour-moi-etre-a-l-ecoute-des-etudiants-de-mcgill.php\" target=\"_blank\" rel=\"noopener\">https:\/\/www.lapresse.ca\/dialogue\/opinions\/2024-08-08\/ce-que-signifie-pour-moi-etre-a-l-ecoute-des-etudiants-de-mcgill.php<\/a><\/p>\n","protected":false},"featured_media":0,"template":"","class_list":["post-4980","what-we-are-saying","type-what-we-are-saying","status-publish","hentry"],"acf":[],"_links":{"self":[{"href":"https:\/\/u15.ca\/fr\/wp-json\/wp\/v2\/what-we-are-saying\/4980","targetHints":{"allow":["GET"]}}],"collection":[{"href":"https:\/\/u15.ca\/fr\/wp-json\/wp\/v2\/what-we-are-saying"}],"about":[{"href":"https:\/\/u15.ca\/fr\/wp-json\/wp\/v2\/types\/what-we-are-saying"}],"wp:attachment":[{"href":"https:\/\/u15.ca\/fr\/wp-json\/wp\/v2\/media?parent=4980"}],"curies":[{"name":"wp","href":"https:\/\/api.w.org\/{rel}","templated":true}]}}

Opinion: Ce que signifie pour moi être à l’écoute des étudiants de McGill

<p>Contribué à La Presse de Montréal par Deep Saini (publié le 8 août 2024)</p>
<p>Deep Saini est recteur et vice-chancelier de l&rsquo;Université McGill</p>
<p>Pendant la collation des grades, un cri provenant du fond de la salle vient interrompre mon allocution : « Tu devrais avoir honte, Saini ! Écoute tes étudiants ! »</p>
<p>Depuis le 7 octobre 2023, des cris semblables retentissent un peu partout sur les campus du pays, et de plus en plus fort depuis l’apparition des campements. On espère ainsi contraindre les universités à prendre parti, par leurs décisions et leurs actions, dans un conflit géopolitique qui se déroule à l’autre bout du monde. Or, pareille prise de position déborderait largement le cadre de leur mission&#8230;..</p>
<p><a href="https://www.lapresse.ca/dialogue/opinions/2024-08-08/ce-que-signifie-pour-moi-etre-a-l-ecoute-des-etudiants-de-mcgill.php" target="_blank" rel="noopener">https://www.lapresse.ca/dialogue/opinions/2024-08-08/ce-que-signifie-pour-moi-etre-a-l-ecoute-des-etudiants-de-mcgill.php</a></p>
