{"id":5978,"date":"2025-09-09T08:25:28","date_gmt":"2025-09-09T12:25:28","guid":{"rendered":"https:\/\/u15.ca\/?post_type=what-we-are-saying&#038;p=5978"},"modified":"2025-09-09T08:25:38","modified_gmt":"2025-09-09T12:25:38","slug":"canadian-universities-at-a-crossroads-says-new-u15-chair","status":"publish","type":"what-we-are-saying","link":"https:\/\/u15.ca\/fr\/publications\/ce-que-nous-disons\/canadian-universities-at-a-crossroads-says-new-u15-chair\/","title":{"rendered":"Canadian universities at a \u2018crossroads\u2019, says new U15 chair"},"content":{"rendered":"<p>Cet article n&rsquo;est disponible qu&rsquo;en anglais.<\/p>\n<p>Contribu\u00e9 au Times Higher Education par Daniel Jutras (publi\u00e9 le 3 septembre 2025). Daniel Jutras est le pr\u00e9sident du conseil d&rsquo;administration de U15 Canada et recteur de l&rsquo;universit\u00e9 de Montr\u00e9al.<\/p>\n<p><a href=\"https:\/\/www.timeshighereducation.com\/news\/canadian-universities-crossroads-says-new-u15-chair\" target=\"_blank\" rel=\"noopener\">Canadian universities at a \u2018crossroads\u2019, says new U15 chair<\/a><\/p>\n","protected":false},"featured_media":0,"template":"","class_list":["post-5978","what-we-are-saying","type-what-we-are-saying","status-publish","hentry"],"acf":[],"_links":{"self":[{"href":"https:\/\/u15.ca\/fr\/wp-json\/wp\/v2\/what-we-are-saying\/5978","targetHints":{"allow":["GET"]}}],"collection":[{"href":"https:\/\/u15.ca\/fr\/wp-json\/wp\/v2\/what-we-are-saying"}],"about":[{"href":"https:\/\/u15.ca\/fr\/wp-json\/wp\/v2\/types\/what-we-are-saying"}],"wp:attachment":[{"href":"https:\/\/u15.ca\/fr\/wp-json\/wp\/v2\/media?parent=5978"}],"curies":[{"name":"wp","href":"https:\/\/api.w.org\/{rel}","templated":true}]}}

<p>Cet article n&rsquo;est disponible qu&rsquo;en anglais.</p>
<p>Contribué au Times Higher Education par Daniel Jutras (publié le 3 septembre 2025). Daniel Jutras est le président du conseil d&rsquo;administration de U15 Canada et recteur de l&rsquo;université de Montréal.</p>
<p><a href="https://www.timeshighereducation.com/news/canadian-universities-crossroads-says-new-u15-chair" target="_blank" rel="noopener">Canadian universities at a ‘crossroads’, says new U15 chair</a></p>
